factor of o and w?
8
Suppose -4*n = -3*n. Let r = 19 + n. What is the greatest common divisor of 95 and r?
19
Suppose 0 = -4*a + 38 + 82. Suppose 9*u = 573 + 507. Calculate the greatest common divisor of a and u.
30
Let k(o) = 5*o**2 + o - 4. Let q be k(2). Let m(w) = 30*w + 12. Let d be m(5). Suppose 3*s - d = 2*s. Calculate the greatest common divisor of s and q.
18
Let n be ((-5624)/57)/(3/(-54)). What is the highest common factor of 12 and n?
12
Let l = -69 + 132. Suppose 18 + 40 = 4*u - 2*z, 0 = 3*u + 3*z - 39. What is the greatest common factor of l and u?
7
Suppose 0 = d - 2*o + 4, -21*d - 11 = -22*d - 3*o. Calculate the greatest common divisor of 466 and d.
2
Let t be (-4 - 4/(-1)) + 1219. What is the highest common divisor of t and 23?
23
Let a be 5*12/30*1. What is the highest common factor of 118 and a?
2
Let u = 210 + -24. Let n = u + -116. What is the highest common factor of 10 and n?
10
Suppose 0 = 3*u + 11 - 14. Let x(m) = 7*m**3 + 2*m**2 - 2*m + 1. Let n be x(u). Calculate the greatest common divisor of n and 104.
8
Let o = -22 - -30. Let r be (o - 0)/(1/12). What is the greatest common factor of r and 12?
12
Let h(y) = 2*y**2 - 2. Suppose -56*l = -51*l - 25. Let f be h(l). Calculate the highest common factor of 6 and f.
6
Let r(d) = d**2 + 7*d + 7. Let c be r(-7). Let y be (3 + (-4 - 0))*-3. Suppose -y*a + 105 = 2*a. Calculate the greatest common divisor of a and c.
7
Let p = 260 + 13. Calculate the highest common divisor of p and 455.
91
Suppose 2*n = -o + 2*o + 40, 0 = 5*o - 5*n + 185. Let g = -19 - o. What is the greatest common factor of 15 and g?
15
Suppose 227 = 3*a + 2*j, -180 = -4*a + 5*j + 115. What is the greatest common factor of a and 825?
75
Let j = -20 + 17. Let g be ((-25)/(-15))/(j/18)*-2. What is the greatest common factor of g and 220?
20
Let k(j) = -j**3 + j**2 + 2. Let h be k(2). Let t = h - -5. Suppose 5 = m + t. What is the greatest common divisor of m and 2?
2
Let l be (-1 + -123)/(-13 - -12). Suppose 0 = -10*y + 56 + l. Calculate the highest common divisor of 45 and y.
9
Suppose 0 = -4*y + 4*m + 464, 2*m - 119 = 2*y - 3*y. Calculate the greatest common divisor of y and 27.
9
Let y(g) = -g**3 - 6*g**2 + 7*g - 7. Let k be y(-7). Let x = k - -33. Calculate the highest common divisor of x and 208.
26
Suppose 5 - 4 = -a - 5*l, -15 = 3*l. Let g = 68 + -28. Let m be 4*((-24)/(-10) - 16/g). Calculate the greatest common factor of a and m.
8
Let s = -15 + 52. Let z(o) = 3*o**3 - 17*o**2 - 17*o - 16. Let p be z(8). Calculate the highest common factor of p and s.
37
Let v = -31 - -40. What is the greatest common divisor of v and 75?
3
Let i be (-3 + (-26)/(-10))*-5. Suppose -48 = -4*c + i*c. Suppose -4*m + 537 = 249. Calculate the greatest common factor of m and c.
24
Let k(g) = -g**3 + 4*g**2 - 3*g + 3. Let d be k(2). Let j(l) = -37*l - 813. Let s be j(-22). Calculate the greatest common divisor of s and d.
1
Suppose 3*s - 15 - 81 = 0. Suppose 2*z = z + s. Let q be (-8)/14 - 60/(-7). What is the greatest common divisor of q and z?
8
Suppose -5*v - 29*x + 16540 = -34*x, 4*v = -2*x + 13208. What is the greatest common factor of 14 and v?
14
Suppose -6 = -m + 8. Suppose -2*r - 2*q = -24 - m, -5*r + 4*q + 86 = 0. What is the greatest common factor of 45 and r?
9
Suppose -l = -124 + 113. What is the greatest common divisor of 44 and l?
11
Let c(p) = -4*p**2 - 38*p + 28. Let h be c(-10). Calculate the highest common divisor of 76 and h.
4
Suppose 5*h = -5*z + 535, 2*z - 412 = -4*h + 6*z. Let n be ((-8)/(-10))/(42/h). What is the greatest common divisor of n and 5?
1
Let t be 68/51 + 29/3. Let w be t + (-1 - 2) + 4. What is the greatest common divisor of w and 108?
12
Let l be (2/(-2))/(15/(-540)). Calculate the highest common divisor of 48 and l.
12
Let i be 6/8 - 99/(-12). Suppose 13*r = i*r + 12. What is the highest common factor of r and 3?
3
Let s(q) = 3*q. Let u be s(3). Suppose 5*j = u*j. Let p = j + 5. Calculate the greatest common divisor of p and 5.
5
Suppose -6 = 2*x - 14. What is the highest common divisor of x and 36?
4
Let j = -358 + 602. What is the highest common factor of 61 and j?
61
Suppose 0 = h - 2*x - 12, x + 4*x = -2*h - 12. Suppose -v + h*p = -24, v - 2*p = -3*p - 1. Calculate the highest common factor of v and 32.
4
Suppose -v = 93 - 138. What is the greatest common factor of v and 36?
9
Suppose -162 = -7*q + 300. What is the highest common factor of 24 and q?
6
Suppose 0 = -4*p - 2*i - 20 + 6546, i = 4*p - 6541. Calculate the greatest common divisor of 258 and p.
86
Let b(w) = w**2 + 2*w + 4. Let s be b(-5). Let m = 2521 - 2502. Calculate the highest common factor of s and m.
19
Let p(b) = -5*b**2 - b. Let z be p(2). Let v = z - -18. Let u(l) = -12*l + 4. Let j be u(v). Calculate the greatest common factor of j and 13.
13
Let v(m) = -7*m**2 - 3*m - 3. Let n be v(2). Let j = -76 - -130. Let q = j + n. Calculate the highest common factor of q and 187.
17
Let h = -37 + 121. Calculate the highest common factor of h and 112.
28
Suppose 0 = g - 4 - 13. Suppose -g*y + 15*y = -4. What is the greatest common divisor of 5 and y?
1
Suppose 27*p - 1170 = 12*p. What is the greatest common factor of p and 351?
39
Suppose -3*s = -x - 257, s + 0*s - 3*x = 91. Let a = 86 - s. Calculate the highest common divisor of 1 and a.
1
Let n be (20/(-8))/(5/(-10)). Let g(a) = 10*a - 6. Let m be g(n). Let b = -23 + m. Calculate the highest common divisor of b and 14.
7
Suppose -26*x - 36 = -32*x. Calculate the greatest common factor of x and 99.
3
Let f be (-2)/8 + 194/8. Let k = 437 - 413. Calculate the highest common divisor of f and k.
24
Let h be 1/((-248)/(-82) + -3). Let u = h + 1. Calculate the greatest common divisor of 6 and u.
6
Let v(o) = -o**3 + 3. Let b be v(0). Let q be (-52)/(-10) - 15/75. Suppose p + 3*m = q*m + 57, -b = 3*m. What is the greatest common divisor of p and 11?
11
Suppose 9*n = 528 + 93. What is the highest common divisor of n and 161?
23
Suppose 2*a = -5 + 9. Let k be ((-1)/a)/((-2)/24). Suppose k*n - 33 = 3*n. What is the greatest common divisor of n and 55?
11
Let r(j) = 3*j**2 - 4*j + 25. Let b be r(5). Suppose 16 = -2*h + 256. What is the greatest common divisor of b and h?
40
Let a = -282 - -354. Calculate the highest common divisor of 72 and a.
72
Let o = 15 - 27. Let i be 3/(-2*o/80). Calculate the highest common factor of 5 and i.
5
Suppose 5*a - 21 = 9. Let r be ((-7)/3)/(287/(-246)). Calculate the highest common factor of a and r.
2
Let r be 18/(2376/7284) - 2/11. Let d be (-8)/(-2) + -2 + 20. What is the greatest common factor of d and r?
11
Let c = -38 - -70. Let g(n) = 178*n - 4. Let v be g(2). Calculate the highest common factor of v and c.
32
Let b(z) = -z + 6. Let p be b(-12). Suppose p = 5*h - 27. Suppose 2*r - 86 - 14 = -2*k, 2*k = -r + 95. What is the greatest common divisor of k and h?
9
Suppose -5*k - 340 = -0*k. Let g = -8 - k. Suppose 5*q = -l - 15 + g, 0 = 2*q - 8. What is the greatest common divisor of l and 10?
5
Let t(d) = -7*d - 3 + 0 + 3 + 3*d**2 + 2. Let a be t(6). What is the highest common divisor of a and 102?
34
Suppose 3*f - 46 = 4*p, 45 = -5*p - 4*f - 28. Let i = p + 16. Suppose 36 = i*l - 0*l. What is the highest common divisor of 96 and l?
12
Let z be 272/(2 + 7/(-7)). Calculate the highest common factor of 17 and z.
17
Suppose -2 = -3*y - 2*n, -3*y + n + 2 = -6. Let m = 7 - y. Suppose -4*s + 2*i = -4, -m = -5*s + 5*i - i. What is the highest common factor of 4 and s?
1
Let k be -300*((-4)/10 + 0). Let x(j) = 66*j**2 - 2443*j + 49. Let u be x(37). What is the highest common divisor of u and k?
12
Let p = 82 + -62. Suppose -8*v + 60 = -p. Suppose -2 = z + 2*q + 1, 4*z + q = 2. Calculate the greatest common divisor of z and v.
1
Let b = 10 - 4. Let j be 3/(-1)*56/b. Let h be (j/3)/((-6)/9). What is the highest common factor of 2 and h?
2
Let m = 1071 + -1048. What is the highest common divisor of 1081 and m?
23
Suppose -3*c - 4*s = -1157, 0 = -5*c - 0*c + 5*s + 1905. Let j be -3 + (-52)/(-16) - c/(-4). What is the greatest common factor of 144 and j?
48
Let s be -12*(45/(-36) + 1). Let a be (-3)/(-6)*-2*-3. What is the greatest common factor of s and a?
3
Let y(h) = 71*h - 1. Let g be y(1). Let d(c) = c**2 - 6*c + 35. Let l be d(6). Calculate the high